{"id":2705,"date":"2019-11-23T15:16:51","date_gmt":"2019-11-23T14:16:51","guid":{"rendered":"http:\/\/www.lesfouleescernaysiennes.fr\/?page_id=2705"},"modified":"2026-04-17T08:01:03","modified_gmt":"2026-04-17T07:01:03","slug":"course-enfants","status":"publish","type":"page","link":"https:\/\/www.lesfouleescernaysiennes.fr\/?page_id=2705","title":{"rendered":"Course Enfants"},"content":{"rendered":"\n<p>La course des Foul\u00e9es Cernaysiennes aura lieu <strong>le dimanche 14 juin 2026.<\/strong> Cette ann\u00e9e les inscriptions se feront uniquement en ligne.<\/p>\n\n\n\n<p><a href=\"https:\/\/www.lesfouleescernaysiennes.fr\/\" data-type=\"page\" data-id=\"1402\" target=\"_blank\" rel=\"noreferrer noopener\">R\u00e8glement <\/a>(commun avec le r\u00e8glement adulte, se rendre \u00e0 la fin du document).<\/p>\n\n\n\n<p><\/p>\n\n\n\n<p><strong><u>Programme<\/u><\/strong> (Les horaires ci-dessous sont donn\u00e9s <strong><u>\u00e0 titre indicatif<\/u><\/strong>.)<\/p>\n\n\n\n<figure class=\"wp-block-table\"><table class=\"has-fixed-layout\"><tbody><tr><td>&nbsp;&nbsp;&nbsp;&nbsp;&nbsp;&nbsp;&nbsp; 9:15 D\u00e9part jeunes n\u00e9s de 2018 \u00e0 2019 (800m) &#8211; <a href=\"https:\/\/tracedetrail.fr\/fr\/trace\/329352\" data-type=\"link\" data-id=\"https:\/\/tracedetrail.fr\/fr\/trace\/329352\" target=\"_blank\" rel=\"noreferrer noopener\">Lien vers le parcours<\/a><\/td><\/tr><tr><td>&nbsp;&nbsp;&nbsp;&nbsp;&nbsp;&nbsp;&nbsp; 9:30 D\u00e9part jeunes n\u00e9s de 2015 \u00e0 2017 (1200m) &#8211; <a href=\"https:\/\/tracedetrail.fr\/fr\/trace\/329354\" data-type=\"link\" data-id=\"https:\/\/tracedetrail.fr\/fr\/trace\/329354\" target=\"_blank\" rel=\"noreferrer noopener\">Lien vers le parcours<\/a><\/td><\/tr><\/tbody><\/table><\/figure>\n\n\n\n<p><strong>Aux environs<\/strong> de 10:30 : R\u00e9sultats et remise des r\u00e9compenses<strong><u><\/u><\/strong><\/p>\n\n\n\n<p><strong><u>Troph\u00e9e du Challenge des \u00e9coles<\/u><\/strong><\/p>\n\n\n\n<p>La participation des \u00e9coles sera r\u00e9compens\u00e9e par le troph\u00e9e du challenge des \u00e9coles ! Il sera attribu\u00e9 \u00e0 l\u2019\u00e9cole la plus repr\u00e9sent\u00e9e en nombre de participants par rapport \u00e0 l\u2019effectif total de l\u2019\u00e9cole et en fonction des performances des jeunes. Il est remis en jeu chaque ann\u00e9e.<\/p>\n\n\n\n<p><strong><u>A savoir<\/u><\/strong><\/p>\n\n\n\n<p>Les inscriptions seront closes lorsque le quota de 100 coureurs au total sera atteint.<br>Aucune inscription tardive ne pourra \u00eatre effectu\u00e9e.<br><br>Chaque jeune devra obligatoirement \u00eatre inscrit <strong>avant le 15 mai 2026<\/strong> (Date a venir) et ne pourra pas prendre le d\u00e9part d\u2019une course ne correspondant pas \u00e0 sa cat\u00e9gorie.<\/p>\n\n\n\n<p>Les dossards seront d\u00e9pos\u00e9s \u00e0 l&#8217;\u00e9cole quelques jours avant la course. <strong>Aucune inscription ne pourra \u00eatre prise le jour de la course<\/strong>.<br><br><strong><u>Attention<\/u><\/strong> : Seuls les jeunes qui ne sont pas scolaris\u00e9s dans les \u00e9coles ci-dessous devront retirer leurs dossards le dimanche de la course <strong>avant 8H45 <\/strong>au stand &#8220;course jeunes&#8221; pr\u00e8s du d\u00e9part de la course.<br><br>Les jeunes devront se pr\u00e9senter au d\u00e9part de la course avec leur dossard fix\u00e9 au niveau de la poitrine, sur le t-shirt de la couleur attribu\u00e9e \u00e0 l&#8217;\u00e9cole, selon le tableau ci-dessous :<\/p>\n\n\n\n<figure class=\"wp-block-table\"><table class=\"has-fixed-layout\"><tbody><tr><td>Bonnelles : orange<\/td><td>Clairefontaine : noir<\/td><\/tr><tr><td>Bullion : gris<\/td><td>Dampierre : blanc<\/td><\/tr><tr><td>Cernay la Ville : vert<\/td><td>La Celle les Bordes : noir<\/td><\/tr><tr><td>Chevreuse St Lubin : rouge<\/td><td>St-Lambert des Bois : bleu<\/td><\/tr><tr><td>Chevreuse J.Moulin : orange<\/td><td>Senlisse : jaune<\/td><\/tr><\/tbody><\/table><\/figure>\n\n\n\n<p><\/p>\n","protected":false},"excerpt":{"rendered":"<p>La course des Foul\u00e9es Cernaysiennes aura lieu le dimanche 14 juin 2026. Cette ann\u00e9e les inscriptions se feront uniquement en ligne. R\u00e8glement (commun avec le r\u00e8glement adulte, se rendre \u00e0 la fin du document). Programme (Les horaires ci-dessous sont donn\u00e9s \u00e0 titre indicatif.) &nbsp;&nbsp;&nbsp;&nbsp;&nbsp;&nbsp;&nbsp; 9:15 D\u00e9part jeunes n\u00e9s de 2018 \u00e0 2019 (800m) &#8211; Lien &hellip; <\/p>\n<p class=\"link-more\"><a href=\"https:\/\/www.lesfouleescernaysiennes.fr\/?page_id=2705\" class=\"more-link\">Continuer la lecture<span class=\"screen-reader-text\"> de &laquo;&nbsp;Course Enfants&nbsp;&raquo;<\/span><\/a><\/p>\n","protected":false},"author":5,"featured_media":0,"parent":0,"menu_order":0,"comment_status":"closed","ping_status":"closed","template":"","meta":{"_monsterinsights_skip_tracking":false,"_monsterinsights_sitenote_active":false,"_monsterinsights_sitenote_note":"","_monsterinsights_sitenote_category":0,"ngg_post_thumbnail":0,"footnotes":""},"class_list":["post-2705","page","type-page","status-publish","hentry"],"_links":{"self":[{"href":"https:\/\/www.lesfouleescernaysiennes.fr\/index.php?rest_route=\/wp\/v2\/pages\/2705","targetHints":{"allow":["GET"]}}],"collection":[{"href":"https:\/\/www.lesfouleescernaysiennes.fr\/index.php?rest_route=\/wp\/v2\/pages"}],"about":[{"href":"https:\/\/www.lesfouleescernaysiennes.fr\/index.php?rest_route=\/wp\/v2\/types\/page"}],"author":[{"embeddable":true,"href":"https:\/\/www.lesfouleescernaysiennes.fr\/index.php?rest_route=\/wp\/v2\/users\/5"}],"replies":[{"embeddable":true,"href":"https:\/\/www.lesfouleescernaysiennes.fr\/index.php?rest_route=%2Fwp%2Fv2%2Fcomments&post=2705"}],"version-history":[{"count":35,"href":"https:\/\/www.lesfouleescernaysiennes.fr\/index.php?rest_route=\/wp\/v2\/pages\/2705\/revisions"}],"predecessor-version":[{"id":3611,"href":"https:\/\/www.lesfouleescernaysiennes.fr\/index.php?rest_route=\/wp\/v2\/pages\/2705\/revisions\/3611"}],"wp:attachment":[{"href":"https:\/\/www.lesfouleescernaysiennes.fr\/index.php?rest_route=%2Fwp%2Fv2%2Fmedia&parent=2705"}],"curies":[{"name":"wp","href":"https:\/\/api.w.org\/{rel}","templated":true}]}}

<p>La course des Foulées Cernaysiennes aura lieu <strong>le dimanche 14 juin 2026.</strong> Cette année les inscriptions se feront uniquement en ligne.</p>



<p><a href="https://www.lesfouleescernaysiennes.fr/" data-type="page" data-id="1402" target="_blank" rel="noreferrer noopener">Règlement </a>(commun avec le règlement adulte, se rendre à la fin du document).</p>



<p></p>



<p><strong><u>Programme</u></strong> (Les horaires ci-dessous sont donnés <strong><u>à titre indicatif</u></strong>.)</p>



<figure class="wp-block-table"><table class="has-fixed-layout"><tbody><tr><td>&nbsp;&nbsp;&nbsp;&nbsp;&nbsp;&nbsp;&nbsp; 9:15 Départ jeunes nés de 2018 à 2019 (800m) &#8211; <a href="https://tracedetrail.fr/fr/trace/329352" data-type="link" data-id="https://tracedetrail.fr/fr/trace/329352" target="_blank" rel="noreferrer noopener">Lien vers le parcours</a></td></tr><tr><td>&nbsp;&nbsp;&nbsp;&nbsp;&nbsp;&nbsp;&nbsp; 9:30 Départ jeunes nés de 2015 à 2017 (1200m) &#8211; <a href="https://tracedetrail.fr/fr/trace/329354" data-type="link" data-id="https://tracedetrail.fr/fr/trace/329354" target="_blank" rel="noreferrer noopener">Lien vers le parcours</a></td></tr></tbody></table></figure>



<p><strong>Aux environs</strong> de 10:30 : Résultats et remise des récompenses<strong><u></u></strong></p>



<p><strong><u>Trophée du Challenge des écoles</u></strong></p>



<p>La participation des écoles sera récompensée par le trophée du challenge des écoles ! Il sera attribué à l’école la plus représentée en nombre de participants par rapport à l’effectif total de l’école et en fonction des performances des jeunes. Il est remis en jeu chaque année.</p>



<p><strong><u>A savoir</u></strong></p>



<p>Les inscriptions seront closes lorsque le quota de 100 coureurs au total sera atteint.<br>Aucune inscription tardive ne pourra être effectuée.<br><br>Chaque jeune devra obligatoirement être inscrit <strong>avant le 15 mai 2026</strong> (Date a venir) et ne pourra pas prendre le départ d’une course ne correspondant pas à sa catégorie.</p>



<p>Les dossards seront déposés à l&#8217;école quelques jours avant la course. <strong>Aucune inscription ne pourra être prise le jour de la course</strong>.<br><br><strong><u>Attention</u></strong> : Seuls les jeunes qui ne sont pas scolarisés dans les écoles ci-dessous devront retirer leurs dossards le dimanche de la course <strong>avant 8H45 </strong>au stand &#8220;course jeunes&#8221; près du départ de la course.<br><br>Les jeunes devront se présenter au départ de la course avec leur dossard fixé au niveau de la poitrine, sur le t-shirt de la couleur attribuée à l&#8217;école, selon le tableau ci-dessous :</p>



<figure class="wp-block-table"><table class="has-fixed-layout"><tbody><tr><td>Bonnelles : orange</td><td>Clairefontaine : noir</td></tr><tr><td>Bullion : gris</td><td>Dampierre : blanc</td></tr><tr><td>Cernay la Ville : vert</td><td>La Celle les Bordes : noir</td></tr><tr><td>Chevreuse St Lubin : rouge</td><td>St-Lambert des Bois : bleu</td></tr><tr><td>Chevreuse J.Moulin : orange</td><td>Senlisse : jaune</td></tr></tbody></table></figure>



<p></p>

<p>La course des Foulées Cernaysiennes aura lieu le dimanche 14 juin 2026. Cette année les inscriptions se feront uniquement en ligne. Règlement (commun avec le règlement adulte, se rendre à la fin du document). Programme (Les horaires ci-dessous sont donnés à titre indicatif.) &nbsp;&nbsp;&nbsp;&nbsp;&nbsp;&nbsp;&nbsp; 9:15 Départ jeunes nés de 2018 à 2019 (800m) &#8211; Lien &hellip; </p>
<p class="link-more"><a href="https://www.lesfouleescernaysiennes.fr/?page_id=2705" class="more-link">Continuer la lecture<span class="screen-reader-text"> de &laquo;&nbsp;Course Enfants&nbsp;&raquo;</span></a></p>
